t q be 2/(-7) + 2734/14. Let m = o + q. What are the prime factors of m?
131
Let x be 5/(2265/565 - 4). Suppose 176 + x = 3*o. List the prime factors of o.
13, 19
Let a(k) = 212*k - 118. List the prime factors of a(5).
2, 3, 157
Suppose 3*j = w + w - 1219, 0 = 4*w - 4*j - 2448. Suppose 715 = 4*x - w. What are the prime factors of x?
3, 37
Let t(l) = -l**3 + 15*l**2 + l + 8. Suppose -14 = 9*z - 10*z. Let g be t(z). Let i = g + -112. List the prime factors of i.
2, 53
Let f be (-7)/35 + (-1)/(-5). Suppose f = 3*h + 140 - 1424. List the prime factors of h.
2, 107
Suppose 0*o = -o + 3*c + 55, 0 = 5*o - c - 247. Suppose -6*u = 11 + o. List the prime factors of 10/2 + (u - -225).
2, 5, 11
Suppose -466*w - 1168632 = -260*w - 230*w. List the prime factors of w.
3, 16231
Let t(k) = -k**3 - 15*k**2 - 14*k + 2. Let u be t(-14). Let m(x) = 13*x**u + 1 + 3 - x**3 - 8*x**2 + x. List the prime factors of m(5).
3
List the prime factors of (381/(-6) + 0)/(46/(-6164)).
67, 127
Suppose 7*a + 18 = 6*a. Let i(c) = c**3 + 19*c**2 + 17*c - 14. Let z be i(a). Suppose 3*o - 195 = -z*h, 4*h - 60 = -o + h. List the prime factors of o.
3, 23
Let m be 14 + -12 - (0 - 1). Suppose 3*i - 2754 = -2*i + 3*s, 2*i - 1107 = m*s. What are the prime factors of i?
3, 61
Let k(j) be the second derivative of 1/3*j**3 + 0 - 17*j + 59/2*j**2. What are the prime factors of k(21)?
101
Suppose 8*l - 5*l = 3. Let w be (-102)/(-12) + l/2. Suppose 3*v - w = 0, -3*v - 83 = 2*q - 4*q. List the prime factors of q.
2, 23
Let n be -1 + 1 + (-5 - -9). Suppose -v - 8 + 2 = 0. List the prime factors of (-87)/6*(v + n).
29
Let c = 37616 - 8875. List the prime factors of c.
41, 701
Let n(d) = 2*d**2 - 26*d + 96. Let h(o) = 30*o + 247. Let r be h(-7). What are the prime factors of n(r)?
2, 3, 13
Let m(l) = -238*l - 1430. What are the prime factors of m(-13)?
2, 13
Suppose 0 = 5*n + 6 - 16. Suppose 1153 = 3*i - n*y, -2*i + 4*y - 2*y = -772. List the prime factors of i.
3, 127
Suppose -7*x - 19560 = -19*x - 12*x. What are the prime factors of x?
5, 163
Let w = -525 - -252. Let f = w - -457. Suppose 3*a - 502 + 194 = -5*y, -2*y = -2*a + f. List the prime factors of a.
2, 3
Suppose 0 = -4*b + m - 2*m + 10, 2*b - 2*m - 10 = 0. Suppose -2*n = 2*i - 14, -5*i - b*n = -2*n - 43. List the prime factors of 4/(-18) - (-830)/i.
2, 23
Let z(a) = -128*a - 670. List the prime factors of z(-21).
2, 1009
Suppose -14*t + 12 = -10*t. Suppose -2*q = -t*v - q + 986, -4*q + 16 = 0. What are the prime factors of v?
2, 3, 5, 11
Let q(l) = l**3 + 11*l**2 + 14*l + 5. Let j(a) = -27*a + 56*a + 1 - 30*a. Let y(b) = -3*j(b) + q(b). What are the prime factors of y(-7)?
79
Let p(u) = -19*u - 129. Let o be p(-7). Suppose -4*z + o*r + 1700 = 0, 4*z - 3*r + 154 - 1855 = 0. List the prime factors of z.
2, 3, 71
Let j(x) = 23*x**2 + 230*x - 4997. What are the prime factors of j(24)?
47, 293
Suppose -3*a + 108672 = 12*k, -44*k + 40*k + 2*a = -36212. List the prime factors of k.
5, 1811
Suppose 24*x + 56703 = 12*x + 224991. What are the prime factors of x?
2, 1753
Suppose -1136*t + 1131*t + 62760 = 0. List the prime factors of t.
2, 3, 523
Let t be 4/(-6)*(-60)/40. List the prime factors of t*75 + -11 + 12.
2, 19
Let a(g) = 9*g**2 + 9*g - 3. Suppose -32 = 12*c - 4*c. List the prime factors of a(c).
3, 5, 7
List the prime factors of ((-4)/(-2))/((-34)/(-20417)).
1201
Suppose 5*i = -3*b - 281, 0 = -4*i - 5*b + 22 - 252. Let o = 52 + i. List the prime factors of ((-7 - -4) + o)/((-2)/64).
2, 3
Let l(f) = 242*f**3 - 11*f**2 + 28*f - 69. What are the prime factors of l(4)?
5, 37, 83
Suppose -4*c = 3*n + c + 24560, -3*n - 4*c - 24559 = 0. List the prime factors of n/(-20) + -1 + (-14)/(-8).
2, 5, 41
Let i(r) = -24*r**2 - 9*r - 77. Let x(q) = -122*q**2 - 46*q - 386. Let o(j) = -11*i(j) + 2*x(j). What are the prime factors of o(-7)?
2, 503
Suppose 0 = d + 75*d - 408044. What are the prime factors of d?
7, 13, 59
Suppose -f + 16 = 4*w, -2*w + 21 = -2*f + 3. Let n(r) = 2*r**3 - 2*r**2 - 2*r + 3. Let b be n(2). Suppose w*i - 216 = -b*i. What are the prime factors of i?
2, 3
Suppose -72*t + 69*t = -15. Let d be (-1)/((-3)/(-2595)*t). Let h = d - -303. List the prime factors of h.
2, 5, 13
What are the prime factors of (-13)/((-260)/80) - (-41219 - 5)?
2, 11, 937
Suppose -3209 = -4*l + 147. Suppose -7*o + l + 1562 = 0. What are the prime factors of o?
7
Suppose -7*j + 6*j - 4*s = -34429, 0 = -5*s + 40. List the prime factors of j.
11, 53, 59
Let n(q) = -716*q + 6199. What are the prime factors of n(-40)?
3, 7, 79
Let z = 29228 - 15101. What are the prime factors of z?
3, 17, 277
Suppose 244000 + 255045 + 143947 = 14*x. What are the prime factors of x?
2, 5741
Let p(a) be the first derivative of 7/2*a**4 + 4/3*a**3 + 11 - 3*a**2 + 3*a. List the prime factors of p(2).
7, 17
Suppose 4*v = 5*a + 9*v + 255, -v = 2. Let i = a - -53. Suppose 272 = 2*c - i*m, -c = 2*c + 5*m - 353. List the prime factors of c.
2, 3, 7
Suppose 21*k - 28*k + 35 = 0. Suppose -301 = -k*i - 31. What are the prime factors of i?
2, 3
Suppose 4*x + 3 = -1, 4*u + 5*x = 3. Suppose -u*c + 31 = 3*t + 11, 0 = -5*t + 2*c + 28. Suppose 835 = t*i + 7. What are the prime factors of i?
2, 3, 23
Let c(f) = f**3 + 27*f**2 - 43*f + 81. Let v(k) = -5*k**3 - 108*k**2 + 173*k - 324. Let n(m) = -9*c(m) - 2*v(m). List the prime factors of n(26).
3, 103
Let v(r) = 2*r**2 - 32*r - 31. Let x be v(17). Suppose f - x*f = -1172. What are the prime factors of f?
2, 293
Let i(m) = 3*m**3 - 28*m**2 - 2*m - 20. Let c be i(10). Let x = -50 + c. What are the prime factors of x?
2, 5, 11
List the prime factors of 8*1 - (-17)/(136/5008).
2, 317
Let l = -3235 + 5583. What are the prime factors of l?
2, 587
Let g(y) = -4*y - 33. Let s be g(-8). Let k(q) = -8*q**2 - 3*q - 1. Let o be k(s). What are the prime factors of 9/(-6) - 585/o?
2, 3
Let z = 4664 - 1799. List the prime factors of z.
3, 5, 191
What are the prime factors of 14/(-4) + 74/4 + -19 + 12144?
2, 5, 607
Suppose 9*t = 40252 + 18995. What are the prime factors of t?
29, 227
Let m be (-13)/(-4) + 1/(-4). Let t be ((-4)/(-8))/((-3)/18) + 8. Suppose 7*y + m*i = 2*y + t, y + i = -1. List the prime factors of y.
2
Suppose 3*h + 31 = 2*h - 4*z, -5*z = 5*h + 140. What are the prime factors of 15790/18 + 6/h + 0?
877
What are the prime factors of -13 - (31515*2)/(-11)?
5717
Let b(g) = -10*g - 15*g - 34609*g**2 + 13 + 34596*g**2 - 5*g**3. What are the prime factors of b(-5)?
2, 3, 73
What are the prime factors of (570/2090 - (-10)/44)*38964?
2, 3, 17, 191
Let s(q) = -q - 33. Let o be s(14). Let j = 66 + o. What are the prime factors of j?
19
Suppose -f = 406 - 1541. Let g = 2785 - f. What are the prime factors of g?
2, 3, 5, 11
Suppose g - 4*x = 5*g - 12, 2*g - 16 = -4*x. Let o be 0 - (g - (0 + 0)). Suppose -y - 5 = 0, -o*l - 15 = 4*y - 195. List the prime factors of l.
2, 5
Let j(z) = 8*z**2 + 23*z**2 + 2 + 3*z - 9*z**2. Let n = -5 + 3. What are the prime factors of j(n)?
2, 3, 7
Suppose 71*d - 8376 = 24*d + 394179. What are the prime factors of d?
3, 5, 571
Let g = 13652 + 17983. List the prime factors of g.
3, 5, 19, 37
Let t = -176 - -178. Suppose 0 = -3*n - 3*c + 17 + 310, 5*c + 197 = t*n. What are the prime factors of n?
2, 53
Let k(p) = -2*p**2 + 10*p + 3. Let h(c) = c**2 - 13*c - 9. Let l be h(14). Let r be k(l). Let i(o) = 4*o**3 + 5*o**2 - 2*o - 4. List the prime factors of i(r).
11, 13
What are the prime factors of (234092/602)/(69/21 + -3)?
1361
Let h(g) = -1083*g + 71720. List the prime factors of h(0).
2, 5, 11, 163
Suppose -16 = -4*u, 2*i + 5*u = 5*i + 53. Let o be -2*20/8*i. Let t = o - -28. What are the prime factors of t?
83
Suppose -6*y = -25 - 5. Suppose -5*t = y*z - 395, 94 = z + 4*t - 0. List the prime factors of z.
2, 37
Let c(b) = -3*b**2 + 93*b + 340. Let a(n) = -2*n**2 + 62*n + 226. Let t(r) = -8*a(r) + 5*c(r). List the prime factors of t(35).
2
Let v be (314/6)/(38/2280). Suppose 33*g - 38*g + v = 0. List the prime factors of g.
2, 157
Let i = 4544 + -3200. Let q = i + -786. Let g = q - 343. What are the prime factors of g?
5, 43
Suppose 4*q - 4*c = -0*c, -4*q = -2*c - 8. Suppose 5*k = -4*x + 3602, 2*k - 2142 = -k + q*x. What are the prime factors of k?
2, 359
Let w(x) be the second derivative of -x**3/3 + x**2/2 - 2*x. Let h be w(3). Wh